{"id":6,"date":"2020-10-19T15:01:33","date_gmt":"2020-10-19T13:01:33","guid":{"rendered":"https:\/\/shop.suessertyp.de\/?page_id=6"},"modified":"2020-10-24T17:16:17","modified_gmt":"2020-10-24T15:16:17","slug":"shop","status":"publish","type":"page","link":"https:\/\/shop.suessertyp.de\/","title":{"rendered":"Sportpark Hanwische"},"content":{"rendered":"\n<div class=\"wp-block-image\"><figure class=\"aligncenter size-large\"><img loading=\"lazy\" width=\"980\" height=\"816\" src=\"https:\/\/i1.wp.com\/shop.suessertyp.de\/wp-content\/uploads\/2020\/10\/mockup_a2_1080.png?resize=980%2C816&#038;ssl=1\" alt=\"\" class=\"wp-image-45\" srcset=\"https:\/\/i1.wp.com\/shop.suessertyp.de\/wp-content\/uploads\/2020\/10\/mockup_a2_1080.png?resize=1024%2C853&amp;ssl=1 1024w, https:\/\/i1.wp.com\/shop.suessertyp.de\/wp-content\/uploads\/2020\/10\/mockup_a2_1080.png?resize=300%2C250&amp;ssl=1 300w, https:\/\/i1.wp.com\/shop.suessertyp.de\/wp-content\/uploads\/2020\/10\/mockup_a2_1080.png?resize=768%2C640&amp;ssl=1 768w, https:\/\/i1.wp.com\/shop.suessertyp.de\/wp-content\/uploads\/2020\/10\/mockup_a2_1080.png?resize=530%2C442&amp;ssl=1 530w, https:\/\/i1.wp.com\/shop.suessertyp.de\/wp-content\/uploads\/2020\/10\/mockup_a2_1080.png?w=1296&amp;ssl=1 1296w\" sizes=\"(max-width: 980px) 100vw, 980px\" data-recalc-dims=\"1\" \/><\/figure><\/div>\n\n\n\n<p><strong>Was ist das?<\/strong><br>Dies ist ein wundersch\u00f6nes Bild unsers Torbogens zum Sportpark Hanwische.<br>In leicht herbstlicher Stimmung l\u00e4dt der Sportpark zum gemeinsamen Kicken oder auch eine Bratwurst ein. <\/p>\n\n\n\n<p>Der Torbogen ist das erste Motiv unserer Serie rund um den SV Concordia Emsb\u00fcren 1919 e.V.<br>Ein ideales Geschenk zu Weihnachten, zu Geburtstagen oder als Aufmerksamkeit zu einer Verabschiedung.<\/p>\n\n\n\n<p>Das Bild hat die Ma\u00dfe<strong> 594mm x 420mm (A2) <\/strong>und wird <strong>ohne Rahmen <\/strong>verkauft. Es ist auf hochwertigem Papier gedruckt und besitzt umlaufend ein gedrucktes Passepartouts.<br>Es wird gerollt verpackt, damit es sicher bei dir ankommt. Ein<strong> &#8222;S\u00dcSSERTYP&#8220;-Stickerpaket der 5. Mannschaft gibt es gratis <\/strong>dazu!<\/p>\n\n\n\n<p><strong>Was kostet der Spa\u00df?<\/strong><br>Der Preis betr\u00e4gt glatte <strong>10\u20ac<\/strong> pro Bild. <br><br>Bezahlung erfolgt bei \u00dcbergabe oder nach Absprache (zB PayPal oder \u00dcberweisung).<br>Eine Rechnung kann angefragt werden. <em>Gem\u00e4\u00df \u00a7 19 UStG wird keine Umsatzsteuer berechnet.<\/em><\/p>\n\n\n\n<p><strong>Wie bestelle ich?<\/strong> <br>F\u00fclle das Formular aus (wir melden uns bei dir), schreibe uns auf Instagram oder Facebook, schreibe an shop@suessertyp.de oder melde dich direkt bei Bernd Laumann oder Alexander Kosanke. <\/p>\n\n\n\n<p><strong>Gibt es noch andere Motive?<\/strong><br>Momentan gibt es nur dieses Motiv in dieser Serie. Wir planen aber mit weiteren Motiven, wenn wir die Kosten (Designer, Drucker, Verpackung, ..) decken k\u00f6nnen. <\/p>\n\n\n\n<p><strong>Wie kommt das Bild zu mir?<\/strong><br>Die Poster k\u00f6nnen in Emsb\u00fcren oder Lingen nach Absprache abgeholt werden. Au\u00dferdem zu den Trainings oder Spielzeiten der 5. Mannschaft.<br>Gegebenfalls k\u00f6nnen wir das Bild bei dir vorbeibringen (Umgebung Ortskern Emsb\u00fcren). Wir bieten f\u00fcr 5\u20ac pro Bestellung  auch einen Versand an.<br>Es sind gen\u00fcgend Bilder vorr\u00e4tig, sodass du deine Bestellung auch kurzfristig erhalten kannst.<\/p>\n\n\n<div class=\"wp-block-jetpack-contact-form\"><a href=\"https:\/\/shop.suessertyp.de\/\" target=\"_blank\" rel=\"noopener noreferrer\">Formular einreichen.<\/a><\/div>","protected":false},"excerpt":{"rendered":"<p>Was ist das?Dies ist ein wundersch\u00f6nes Bild unsers Torbogens zum Sportpark Hanwische.In leicht herbstlicher Stimmung l\u00e4dt der Sportpark zum gemeinsamen Kicken oder auch eine Bratwurst ein. Der Torbogen ist das erste Motiv unserer Serie rund um den SV Concordia Emsb\u00fcren 1919 e.V.Ein ideales Geschenk zu Weihnachten, zu Geburtstagen oder als Aufmerksamkeit zu einer Verabschiedung. Das [&hellip;]<\/p>\n","protected":false},"author":1,"featured_media":0,"parent":0,"menu_order":0,"comment_status":"closed","ping_status":"closed","template":"","meta":{"spay_email":""},"_links":{"self":[{"href":"https:\/\/shop.suessertyp.de\/index.php?rest_route=\/wp\/v2\/pages\/6"}],"collection":[{"href":"https:\/\/shop.suessertyp.de\/index.php?rest_route=\/wp\/v2\/pages"}],"about":[{"href":"https:\/\/shop.suessertyp.de\/index.php?rest_route=\/wp\/v2\/types\/page"}],"author":[{"embeddable":true,"href":"https:\/\/shop.suessertyp.de\/index.php?rest_route=\/wp\/v2\/users\/1"}],"replies":[{"embeddable":true,"href":"https:\/\/shop.suessertyp.de\/index.php?rest_route=%2Fwp%2Fv2%2Fcomments&post=6"}],"version-history":[{"count":16,"href":"https:\/\/shop.suessertyp.de\/index.php?rest_route=\/wp\/v2\/pages\/6\/revisions"}],"predecessor-version":[{"id":131,"href":"https:\/\/shop.suessertyp.de\/index.php?rest_route=\/wp\/v2\/pages\/6\/revisions\/131"}],"wp:attachment":[{"href":"https:\/\/shop.suessertyp.de\/index.php?rest_route=%2Fwp%2Fv2%2Fmedia&parent=6"}],"curies":[{"name":"wp","href":"https:\/\/api.w.org\/{rel}","templated":true}]}}